nder when 20 is divided by v?
2
Let k(l) = l**2 + 12*l + 18. Let r be k(-9). Calculate the remainder when (0 - (-8)/(-3))*r is divided by 14.
10
Let y(u) = -4 + 3*u**2 + 7*u - 2 + 7. Calculate the remainder when y(-6) is divided by (-1 - -19) + (-3)/3.
16
Suppose 4*v = 4, 2*y - 5*v = 3*y - 37. Suppose x - y = -a, 6 = -3*x + x. What is the remainder when a is divided by 12?
11
Suppose -4*c = 3*f - 140, -5*c = -3*f - c + 100. Calculate the remainder when (-23)/1104*-8 + (-461)/(-6) is divided by f.
37
Suppose 2*f - c + 177 = 5*f, 0 = 5*c. Suppose 5*g - 2*r - 195 + 51 = 0, 0 = 4*r - 12. Calculate the remainder when f is divided by g.
29
Let y(p) = 39 + 4*p + 9*p - 68. Calculate the remainder when y(15) is divided by 24.
22
Calculate the remainder when (-5 + (-4401)/(-18))*2 is divided by 16.
15
Suppose -5*x = -3*x - 3*k - 75, -5*x = 4*k - 199. What is the remainder when 165 is divided by x?
9
Suppose -2*s - 4*d + 9 + 1 = 0, -1 = 3*s + 2*d. Suppose 2*h = z + 2*z - 7, 5*h - 8 = -z. What is the remainder when (-15)/(-2) + s/2 is divided by z?
0
Suppose 5*t - 43 = -c - 2*c, -25 = -3*t - 2*c. Let a be (-58)/(-7) + (96/56)/(-6). What is the remainder when 6/(-24) - (-242)/a is divided by t?
8
Let k(v) = v**2 - 80*v + 1164. Suppose 5 = -r + 17. Let a = r + 1. What is the remainder when a is divided by k(19)?
3
Let f(c) = c**2 + 16*c + 29. Let d = -155 + 165. Calculate the remainder when f(-16) is divided by d.
9
Let x be 1210/18 - (-26)/(-117). Let a = x - 59. What is the remainder when 31 is divided by a?
7
What is the remainder when 336/36*(-1)/(-2)*6 is divided by 8?
4
Let l(h) = -3*h + 5. Let n be l(5). Suppose 4*r - 177 = -r + 2*s, -2 = 2*s. Calculate the remainder when r is divided by 220/25 - 2/n.
8
Suppose 7*v - 5*v = 40. Suppose 20 = -v*t + 21*t. What is the remainder when 79 is divided by t?
19
Suppose 21*z - 400 - 125 = 0. Calculate the remainder when 96 is divided by z.
21
Let r(l) = 13*l**2 - l + 1. Suppose -10*s - 5 = -11*s. Suppose 0 = s*q - 122 - 58. Calculate the remainder when q is divided by r(1).
10
Let c be (8/(-10))/((-6)/75). Suppose 2*q + 3*n - 29 - 3 = 0, -5*n + c = 0. What is the remainder when 22 is divided by q?
9
Calculate the remainder when 90 is divided by (15 - 453/24)/((-1)/8).
28
Let b = -39 + 45. Suppose b*n = 3*n - k + 8, 5*n - 32 = 3*k. Calculate the remainder when 19 is divided by n.
3
What is the remainder when 112 is divided by 1*(8 - 0)*2?
0
Let y(x) = 2*x**2 + 3*x - 4. Let r(p) = p**3 - p - 3. Let s be r(0). Let b be y(s). Suppose 0 = -b*w + 9 + 6. Calculate the remainder when 3 is divided by w.
0
Suppose 3*i = -i + 104. Let r = 497 - 480. What is the remainder when i is divided by r?
9
Let v be 3 - ((-35)/(-25) - (-4)/(-10)). Calculate the remainder when 16 is divided by v/(24/75) - (-5)/(-20).
4
Suppose y - 2*j - 18 = 0, -3*j = 2*y + 2*j - 27. Let c be (-1 - -45) + (-3)/(-3). Suppose -2*v + v + c = 0. What is the remainder when v is divided by y?
13
Let f be 2/(-10) + (-9)/(-45). What is the remainder when 40 + (2 - f/1) is divided by 9?
6
Suppose 14*d = 10*d. Let a(n) = 6*n - 4. Let w be a(1). Suppose d = -i + 1 - 3, -4*t = -w*i - 236. What is the remainder when t is divided by 15?
13
What is the remainder when (-58)/(4/2 - 225/90) is divided by 26?
12
Let z(s) = -s**2 - 17*s + 5. Suppose -11 = -2*n + 21. Calculate the remainder when z(-14) is divided by n.
15
Let s(t) = 5*t**2 - t - 3. Calculate the remainder when 92 is divided by s(-3).
2
Let n(m) = -11*m - 133. Suppose 0*k + 3*k = 12, -23 = -o + 4*k. What is the remainder when o is divided by n(-13)?
9
Suppose -3*j + 413 = -133. Let y = j - 44. What is the remainder when y is divided by 35?
33
Let h = 297 + -282. Calculate the remainder when 131 is divided by h.
11
Let x = 44 - 41. Suppose -x*i - 328 - 14 = 0. Let j = 195 + i. Calculate the remainder when j is divided by 14.
11
Let w(g) = g**3 + 8*g**2 + 9*g + 2. Let m be w(-8). Let k = -68 - m. What is the remainder when k is divided by 2?
0
Suppose -94*r + 70 = -89*r. What is the remainder when r is divided by 2?
0
Let u(d) = d**2 + 7*d - 8. Let a be u(-6). Calculate the remainder when (-3)/(((-3)/49)/((-20)/a)) is divided by 12.
10
Suppose 3*x - 3 = 4*x. Let q(w) = 2 - 5*w - 2 + 2 - 5. Calculate the remainder when 45 is divided by q(x).
9
Let h(n) = -30 - 4*n + n**3 + 15*n**2 - 5*n + 6*n. Calculate the remainder when 29 is divided by h(-15).
14
Let x = -458 - -665. Suppose 0 = 2*i - 4*d - 60 - 30, -x = -5*i + 4*d. What is the remainder when i is divided by 14?
11
Let m(j) be the first derivative of -j**4/4 + 17*j**3/3 - 15*j**2/2 + 8*j - 26. What is the remainder when 117 is divided by m(16)?
21
Let s(j) = -3*j**2 - 8*j - 12 - j + 4*j**2 - j. Let f be s(10). Calculate the remainder when 6 is divided by ((-9)/f)/((-2)/(-8)).
0
Suppose -4*l + 10 = l, 8 = b + 2*l. Suppose 2 = b*f - 14. Suppose -166 = -0*t - 2*t + f*x, -4*t = -4*x - 336. What is the remainder when t is divided by 22?
19
Let t = 51 - 54. Let j(h) = 3*h**2 - 3*h - 1. Calculate the remainder when 1/((-2 - t)*(-4)/(-268)) is divided by j(3).
16
Let r = 53 - -8. What is the remainder when r is divided by (15 - -4) + (-5)/(15/(-6))?
19
Let i = 100 + -145. Suppose 0 = 5*h, 5*k - 4*h - 8 - 12 = 0. Calculate the remainder when k is divided by (-36)/i*10/4.
0
Suppose 0 = 59*j - 61*j + 64. What is the remainder when 156 is divided by j?
28
Let f(j) = 2*j**2 + 6*j + 4. Let w(y) = -y**3 + 8*y**2 + 11*y - 82. Calculate the remainder when f(-4) is divided by w(8).
0
Let m(o) = -o**2 + 110. What is the remainder when m(0) is divided by 40/10 - ((-34)/(-2))/((-17)/34)?
34
What is the remainder when (-44 - -48)*2/8*137 is divided by 10?
7
Let g = 246 - 236. What is the remainder when 38 is divided by g?
8
Let d be 16*(1 + (-4)/8 - 0). Let y(w) = w**2 - 6*w + 3. Suppose 0 = 2*r - 4*c - 8 - 90, -5*r + c + 272 = 0. Calculate the remainder when r is divided by y(d).
17
Calculate the remainder when 117 is divided by (3/5)/(5 - 7110/1425).
3
Let v be -51 - 2/(-2) - -4. Let w = v - -63. What is the remainder when w is divided by 10?
7
Suppose 315 = 5*r - 5*g, 7*r + 2*g = 2*r + 294. Let d = r - 56. Calculate the remainder when d is divided by 3.
1
Suppose c - 4*m = -2*c + 22, 12 = c + m. Let f = -41 + 60. What is the remainder when f is divided by c?
9
Suppose 0 = 3*x - 21 + 9. Suppose -x*r = -2*r + 18. What is the remainder when 129*(-6)/r + 0 is divided by 22?
20
Let u(w) = -31*w - 11. Calculate the remainder when 202 is divided by u(-2).
49
Let h(l) = 24*l - 11*l**2 + 25 + 98*l**3 - 99*l**3 - 12*l**2. Suppose 5*b - 75 = -v, 4*b = -2*v - 17 + 83. Calculate the remainder when h(-24) is divided by b.
11
Let a(o) = -2*o**3 - o**2 + 3. Let p be a(-5). Suppose -y = -3*y + p. Suppose y = 5*r - 51. What is the remainder when r is divided by 12?
9
Suppose 3*s + 27 = i + s, 162 = 6*i + 4*s. Calculate the remainder when i is divided by 3.
0
Let f be 5/4 - 6/24. Let u = f - -4. Suppose u*n - 6*j - 70 = -j, -5*n + 65 = -4*j. Calculate the remainder when 35 is divided by n.
8
Let q(g) = -29*g + 78. What is the remainder when 128 is divided by q(1)?
30
Suppose 4*u - 57 = -69. Calculate the remainder when u/1 + 178 + -2 is divided by 44.
41
Let s(r) = r - 2. Let p be s(5). Let t(d) = d**3 - 2*d**2 - 5*d + 4. Let j be t(p). Calculate the remainder when 29 is divided by -1 + j - -12 - -1.
9
Let w = 85 - 43. Let c = -54 + 77. What is the remainder when w is divided by c?
19
Suppose -3*v = 2*q + v - 94, -q + 5*v = -19. What is the remainder when 389 is divided by q?
38
Suppose 0 = -3*g + 4*z - 3 + 30, -2*g + 18 = -4*z. Suppose w - 2 = -8. Calculate the remainder when 32/w*(5 + -8) is divided by g.
7
Suppose 0 = 2*a - 24. Calculate the remainder when 44 is divided by a.
8
Let a be 565/25 - (-2)/5. Suppose 79 = 2*v + a. Suppose 5*f = 3*d + 33 + 9, 4*d = f - 22. What is the remainder when v is divided by f?
4
Let z(d) = d**3 - 4*d**2 + 2*d - 15. What is the remainder when 298 is divided by z(5)?
18
Let n(s) = 1 + 11*s**2 - s**3 - s**3 - 2*s + 3*s**3 - 8. Calculate the remainder when n(-11) is divided by (8/5)/((-2)/(-5)).
3
Suppose -2*a = a - 267. Suppose a + 11 = 4*z. Calculate the remainder when 99 is divided by z.
24
Let v = -331 + 357. What is the remainder when v is divided b